osite?
True
Is (-2338756)/(-76) - 16/152 a composite number?
False
Is 60/9*516/16 a composite number?
True
Is 3599 - (0 + 12 + -6) prime?
True
Suppose -3*x - 2*l + 76281 = -7190, 139150 = 5*x - 3*l. Is x a prime number?
True
Let c = 285 + 2625. Suppose 815 - c = -5*k. Is k composite?
False
Is ((-9)/(-28) + 36/(-63))*-2164 a composite number?
False
Let v(a) = -98*a - 223. Is v(-27) a composite number?
False
Suppose 3*j + 0 = -3. Let l be 1 - (j - 0 - 12). Let r = l - 11. Is r a composite number?
False
Suppose 2*a + 5*b = -0*b - 12, 2*b = 4*a - 24. Suppose 4 = -4*n, i - n + 470 = a*i. Is i a prime number?
True
Let q(u) = -u**2 - 14*u - 3. Let v be (4/1 - 4)/2. Suppose -2*i + 0*i - 20 = v. Is q(i) a prime number?
True
Let u = 14295 - -8128. Is u composite?
True
Let h = -346 + 2074. Suppose 5*g + 5*l - h - 4317 = 0, -3655 = -3*g + 4*l. Is g prime?
True
Let u(c) = 9*c**2 - 4*c + 6. Let d be u(13). Let y = -852 + d. Is y prime?
False
Suppose 3*t - 2003 + 413 = 0. Suppose -3*g - 35 = -t. Suppose g = -0*q + 3*q + 3*f, -3*f - 248 = -4*q. Is q composite?
False
Suppose -i + 0*i = 4*c - 4491, 0 = 3*i - c - 13525. Is i prime?
True
Suppose 481 = 5*u - 3*i, -10 = 3*i + 2*i. Suppose -x + 0*w = w - 19, -5*x + u = 4*w. Is x composite?
False
Is ((-2)/(-8))/(27/259956) prime?
False
Suppose -15 + 0 = -3*a, -5*a = -2*d + 31. Let b = 5 + d. Is b composite?
True
Suppose 2 = a, -11528 - 15158 = -4*d + 3*a. Is d prime?
True
Suppose -2*v + 2*u = 0, -4*v + 4*u = 8*u + 8. Is ((-40)/16)/(2566/(-2564) - v) prime?
False
Suppose 0 = m + 5*p - 2*p - 2941, 5*m + 2*p - 14653 = 0. Is m prime?
False
Let v be ((-6)/(-7))/(6/28). Let p(j) = -v + 4 - 83*j. Is p(-2) prime?
False
Let z(t) be the second derivative of -43*t**3/6 - 6*t**2 + 7*t. Is z(-5) a composite number?
True
Let w = 5773 + -2844. Is w prime?
False
Suppose -4*j + r = 3*r - 334, -2*r = -6. Let b = 129 + j. Is b prime?
True
Suppose -7513 = -3*x - 0*n - n, -4*x + 10032 = 5*n. Is x a composite number?
False
Let v(r) = -3440*r - 223. Is v(-7) composite?
False
Suppose 4 = -r - 2*t + 5*t, -r = -4*t + 9. Suppose -4*i + r + 5 = 0, -3*l + 1265 = 2*i. Is l a composite number?
False
Suppose 0*n + 9 = 3*n. Suppose -n*s = -4*s + 69. Is s prime?
False
Let n(j) = 555*j**3 + 1894*j**3 - 1 - j**2 + 3*j**2 - 3*j**2. Is n(1) a composite number?
False
Suppose 0 = -16*a + 184 + 40. Is a a composite number?
True
Is ((-18)/((-540)/(-790)))/(2/(-174)) a prime number?
False
Suppose -1212 = r - 4*r. Let o = r + -169. Is o a composite number?
True
Suppose 35*h = 10 + 60. Let k(t) = 33*t + 1. Let c be k(2). Suppose c = h*f - f. Is f a composite number?
False
Let s = 6987 + -3096. Is s prime?
False
Is 5 - (0 - 6589 - 5) prime?
True
Let j(w) = -w - 16. Let z be 385/(-28) - 3/(-4). Let b be j(z). Let h(f) = 12*f**2 - f + 4. Is h(b) a composite number?
True
Is -64551*-4*5/60 a prime number?
True
Let y be (15/5 + 25/2)*-34. Let g = -160 - y. Is g composite?
False
Let s(u) = 211*u - 8. Let q be s(6). Let y(w) = w**2 - 10*w + 11. Let c be y(8). Is q/5 - (-3)/c a prime number?
True
Let s(v) = -25*v + 1. Let b(o) = o**3 - 6*o**2 - o + 5. Let k be 12/7*(-28)/(-8). Let n be b(k). Is s(n) a prime number?
False
Let l(c) = -75*c + 3. Let v be (-69)/(-12) + (-3)/4. Let o(f) = 76*f - 3. Let y(k) = v*o(k) + 4*l(k). Is y(2) a composite number?
False
Suppose 2*t = 4*b - 26100, 2*t - 4*t - 13054 = -2*b. Is b a prime number?
False
Is (0 - 6) + 12880 + 3 a prime number?
False
Suppose 12*n - 6558 = 67806. Is n a prime number?
True
Let t = -59988 - -113155. Is t prime?
False
Suppose 5*q + 2*m - 27625 = 31904, 5*q - 4*m = 59517. Is q composite?
True
Let m = -38020 - -66297. Is m a prime number?
True
Let q(i) be the first derivative of 295*i**3 - 2*i**2 - 2*i + 5. Is q(-1) prime?
True
Let a be (-4)/(-22) - (-13)/(-11). Let c be 0*a/(-9)*3. Suppose c*g + 5*g = 970. Is g prime?
False
Suppose r = 5*m + 261, -1 = -2*r + r. Let c(l) = -l**3 + l**2 - 4*l + 1. Let g be c(-5). Let y = g + m. Is y a composite number?
True
Let s(a) be the second derivative of -a**4/12 - 2*a**3/3 + 11*a**2/2 - 13*a. Let n be s(-6). Is n/((-2)/1084) + 3 a prime number?
False
Let y(a) be the first derivative of a**3/3 - 3*a**2/2 + 67*a + 7. Is y(0) composite?
False
Let p(q) = q**3 + 59*q**2 + 50*q - 53. Is p(-54) a composite number?
False
Let u(i) = -i + 1. Let m be u(5). Let f be (-32)/(-12) + m/6. Suppose -2*s - 5*v = -444, -2*s - 438 = -4*s - f*v. Is s prime?
False
Let i(b) be the third derivative of -b**6/120 + 11*b**5/60 - 5*b**4/24 - b**3/6 - 13*b**2. Is i(6) prime?
True
Let d be 7 + -2 - (1 - -1). Suppose -d*a + 3*i + 4101 = 0, -5*a + 2*i = 4*i - 6807. Is a a prime number?
False
Let v(k) = k**3 + 13*k**2 - 137*k + 35. Is v(18) prime?
False
Suppose 5*f + 2782 = p + 627, -p + 2187 = 3*f. Is (p - -3) + (-2 - -3) a composite number?
False
Suppose -2953 = -l + 5*t, -4*t + 11812 = l + 3*l. Is l prime?
True
Let p(g) = -g**3 + 9*g**2 + 15*g - 77. Is p(-18) composite?
True
Let x = 969 - -3199. Is (x/(-20))/((-12)/30) a composite number?
False
Let k(d) = -7 + 6*d - 34*d**2 - 2 - 4*d**2 - 1. Let n be k(5). Let y = -533 - n. Is y a composite number?
False
Let o be (-3)/(-2)*64/(-24). Let s = -6 - o. Let x(p) = -3*p**3 - 3*p**2 + 1. Is x(s) composite?
False
Let p = -3 + 6. Is (-1)/3 + 616/p a prime number?
False
Let b be (-66)/(-9) - (-1)/(-3). Let x = b - 5. Suppose 4*s - a = x*a + 1406, -2*s + 698 = -4*a. Is s a prime number?
True
Let l(a) = 1007*a**2 + a - 1. Is l(-3) composite?
False
Let o = -72 - 213. Suppose 5*s + 2*g = -2068 + 5074, 3*s - 4*g - 1814 = 0. Let u = s - o. Is u composite?
False
Suppose 22*m - 3304 = 20*m. Suppose 0 = -15*x + 19*x - m. Is x a prime number?
False
Suppose 0 = 3*a + 3*v - 6, -5*v - 10 = a - 0*v. Suppose 4*y + 2*w - 592 = 4, -3*w - 745 = -a*y. Is y composite?
False
Let l be 4 - 10 - (-1 + 4). Let b = l + 14. Suppose b*i + 3*h - 482 = 0, 0 = 2*i - 3*h - 2*h - 199. Is i a prime number?
True
Let l(f) = 38*f**2 - 10*f - 13. Is l(-4) composite?
True
Let c = 21256 + -12133. Is c a prime number?
False
Suppose -66 = -k + 4*m + 1, 0 = -5*k + 2*m + 317. Suppose 62*v + 4279 = k*v. Is v a composite number?
True
Let l = 15720 - 7529. Is l composite?
False
Suppose 2*t - 5*y = 4*t - 5, -5*t - y + 1 = 0. Suppose -4*c + 0*c = -2*f - 276, 2*f + 8 = t. Is c a composite number?
False
Let u be 3/2*(6 - 4). Suppose 16 = 4*f - 4*l, -2*l - 1 = -f + u. Is 366/f + 8/(-16) a composite number?
True
Let f(u) = u**2 - 6*u - 16. Let t be f(9). Suppose -t*g = -3*g - 776. Is g a composite number?
False
Let r(g) = 161*g + 1. Suppose 3 - 1 = k. Let y be r(k). Suppose -5*f = 33 - y. Is f a prime number?
False
Let f be (-1 - (-3 - -2))/(7 - 6). Is -1 - -1728 - (f/1)/1 a composite number?
True
Let c(h) = -46*h**3 + h**2 + 5*h + 31. Is c(-4) a prime number?
True
Let o(q) = 574*q**2 + 98*q - 11. Is o(6) a prime number?
False
Let r(o) = -1. Let l(b) = 274*b + 29. Let k(m) = l(m) - 2*r(m). Is k(3) a prime number?
True
Let a(k) = -6 - 97*k + 40*k - 78*k + 8. Is a(-3) a composite number?
True
Suppose j + 5*y = 2*j + 2, 5*j + 5*y - 20 = 0. Let u(p) = 9*p**2 + 42*p - 44*p - 1 - 8 + 6*p**2 + 7. Is u(j) a prime number?
True
Let y(h) = 62*h**2 - 3*h - 1. Let w(u) = u**2 + 8*u - 11. Let m be w(-9). Is y(m) prime?
False
Let m = 12 - 22. Let d(v) = v**3 + 9*v**2 - 10*v + 1. Let i be d(m). Is (6/(-6))/(i/(-69)) a prime number?
False
Suppose 5*k - n - 12060 = 0, -2*k = -4*n - n - 4824. Let t = k + -1447. Let q = -546 + t. Is q composite?
False
Let a be -9*1 - (2 + (2 - 5)). Is 93/1 - (a + 12) a composite number?
False
Let m = 75 + 7298. Is m a composite number?
True
Let p(m) = 15*m - 229. Let s be p(15). Let z(j) = 95*j**3 + 3*j**2 - 2*j + 2. Let c be z(2). Is c - (s - -5)*3 prime?
False
Suppose 7*l - 6*l + 268 = 0. Let y = l + 66. Let f = y - -423. Is f prime?
False
Suppose w - 2*w = 1. Let t be 3 - (-2 + 0)*w. Suppose 3*m = -t - 2, -37 = -p + 2*m. Is p a composite number?
True
Suppose 3*j = 3, -7*s - j = -3*s - 1517. Is s a composite number?
False
Let i = 19 + -28. Let b be -8 + -1 + 5 - i. Suppose b*y - y = 564. Is y a prime number?
False
Suppose y - 6*y = -3*h + 11, 10 = 2*h - 4*y. Is ((-1780)/30)/(2*h/153) a prime number?
False
Let x(k) = 99*k**3 - k**2 + k + 1. Let n be x(2). Let w = 1458 - n. Is w a composite number?
